{"id":172,"date":"2021-05-19T13:10:10","date_gmt":"2021-05-19T13:10:10","guid":{"rendered":"https:\/\/casascg.cl\/?page_id=172"},"modified":"2021-07-05T17:07:13","modified_gmt":"2021-07-05T17:07:13","slug":"nuestra-empresa","status":"publish","type":"page","link":"https:\/\/casascg.cl\/index.php\/nuestra-empresa\/","title":{"rendered":"Nuestra Empresa"},"content":{"rendered":"<p>[et_pb_section fb_built=\u00bb1&#8243; _builder_version=\u00bb4.7.7&#8243; _module_preset=\u00bbdefault\u00bb custom_padding=\u00bb48px|||||\u00bb][et_pb_row _builder_version=\u00bb4.7.7&#8243; _module_preset=\u00bbdefault\u00bb width=\u00bb100%\u00bb max_width=\u00bb2560px\u00bb custom_margin=\u00bb-46px|auto||auto||\u00bb custom_padding=\u00bb0px||2px|||\u00bb][et_pb_column type=\u00bb4_4&#8243; _builder_version=\u00bb4.7.7&#8243; _module_preset=\u00bbdefault\u00bb][et_pb_post_title meta=\u00bboff\u00bb featured_image=\u00bboff\u00bb _builder_version=\u00bb4.7.7&#8243; _module_preset=\u00bbdefault\u00bb title_font=\u00bb|||on|||||\u00bb title_text_align=\u00bbcenter\u00bb title_text_color=\u00bb#ffffff\u00bb title_font_size=\u00bb36px\u00bb title_line_height=\u00bb2em\u00bb background_color=\u00bb#0a0a0a\u00bb text_orientation=\u00bbcenter\u00bb hover_enabled=\u00bb0&#8243; sticky_enabled=\u00bb0&#8243;][\/et_pb_post_title][\/et_pb_column][\/et_pb_row][et_pb_row column_structure=\u00bb3_4,1_4&#8243; _builder_version=\u00bb4.7.7&#8243; _module_preset=\u00bbdefault\u00bb][et_pb_column type=\u00bb3_4&#8243; _builder_version=\u00bb4.7.7&#8243; _module_preset=\u00bbdefault\u00bb][et_pb_text _builder_version=\u00bb4.7.7&#8243; _module_preset=\u00bbdefault\u00bb custom_margin=\u00bb32px||-1px|||\u00bb]<\/p>\n<h1><strong>Misi\u00f3n<\/strong><\/h1>\n<p>[\/et_pb_text][et_pb_divider color=\u00bb#e09900&#8243; divider_weight=\u00bb7px\u00bb _builder_version=\u00bb4.7.7&#8243; _module_preset=\u00bbdefault\u00bb custom_margin=\u00bb||7px|||\u00bb][\/et_pb_divider][et_pb_text _builder_version=\u00bb4.7.7&#8243; _module_preset=\u00bbdefault\u00bb]<\/p>\n<p style=\"text-align: justify;\">Casas <strong>C.G. Construcciones Chile<\/strong>, nace con el fin de entregar productos de calidad a las familias chilenas, brind\u00e1ndoles un hogar en el cual puedan disfrutar con sus seres queridos de hermosos y acogedores espacios, duraderas construcciones con dise\u00f1os modernos y materias primas de la mejor calidad.<\/p>\n<p style=\"text-align: justify;\">\u00a0Estamos a la vanguardia, siempre buscando materiales de construcci\u00f3n amigables con el medio ambiente y que dejen pocos residuos contaminantes.<\/p>\n<p style=\"text-align: justify;\">Casas <strong>C.G. Construcciones Chile<\/strong> busca innovar en el \u00e1rea de la construcci\u00f3n en Chile, d\u00e1ndole al cliente la posibilidad de cumplir con su sue\u00f1o de adquirir una vivienda propia con los m\u00e1s altos est\u00e1ndares de seguridad, calidad y puntualidad.<\/p>\n<p>[\/et_pb_text][et_pb_text _builder_version=\u00bb4.7.7&#8243; _module_preset=\u00bbdefault\u00bb custom_margin=\u00bb67px||-1px|||\u00bb]<\/p>\n<h1><strong>Visi\u00f3n<\/strong><\/h1>\n<p>[\/et_pb_text][et_pb_divider color=\u00bb#e09900&#8243; divider_weight=\u00bb7px\u00bb _builder_version=\u00bb4.7.7&#8243; _module_preset=\u00bbdefault\u00bb custom_margin=\u00bb||7px|||\u00bb][\/et_pb_divider][et_pb_text _builder_version=\u00bb4.7.7&#8243; _module_preset=\u00bbdefault\u00bb]<\/p>\n<p style=\"text-align: justify;\">Ser reconocidos en el \u00e1rea de la construcci\u00f3n en Chile, por ser una empresa l\u00edder en la fabricaci\u00f3n de viviendas de calidad, sin dejar de lado la relaci\u00f3n precio-calidad, destac\u00e1ndonos por la excelencia, cumplimiento, confiabilidad y transparencia.<\/p>\n<p>[\/et_pb_text][\/et_pb_column][et_pb_column type=\u00bb1_4&#8243; _builder_version=\u00bb4.7.7&#8243; _module_preset=\u00bbdefault\u00bb][et_pb_image src=\u00bbhttps:\/\/casascg.cl\/wp-content\/uploads\/2021\/06\/foto-1-nuestra-empresa.jpeg\u00bb title_text=\u00bbfoto 1 nuestra empresa\u00bb _builder_version=\u00bb4.7.7&#8243; _module_preset=\u00bbdefault\u00bb custom_margin=\u00bb-20px|||||\u00bb][\/et_pb_image][et_pb_image src=\u00bbhttps:\/\/casascg.cl\/wp-content\/uploads\/2021\/06\/foto-2-nuestra-emporesa.jpeg\u00bb title_text=\u00bbfoto 2 nuestra emporesa\u00bb _builder_version=\u00bb4.7.7&#8243; _module_preset=\u00bbdefault\u00bb custom_margin=\u00bb-29px|||||\u00bb][\/et_pb_image][et_pb_image src=\u00bbhttps:\/\/casascg.cl\/wp-content\/uploads\/2021\/06\/foto-3-nuestra-empresa.jpeg\u00bb title_text=\u00bbfoto 3 nuestra empresa\u00bb _builder_version=\u00bb4.7.7&#8243; _module_preset=\u00bbdefault\u00bb custom_margin=\u00bb-29px|||||\u00bb][\/et_pb_image][et_pb_image src=\u00bbhttps:\/\/casascg.cl\/wp-content\/uploads\/2021\/06\/foto-4-nuestra-empresa.jpeg\u00bb title_text=\u00bbfoto 4 nuestra empresa\u00bb _builder_version=\u00bb4.7.7&#8243; _module_preset=\u00bbdefault\u00bb custom_margin=\u00bb-29px|||||\u00bb][\/et_pb_image][\/et_pb_column][\/et_pb_row][\/et_pb_section]<\/p>\n","protected":false},"excerpt":{"rendered":"<p>[et_pb_section fb_built=\u00bb1&#8243; _builder_version=\u00bb4.7.7&#8243; _module_preset=\u00bbdefault\u00bb custom_padding=\u00bb48px|||||\u00bb][et_pb_row _builder_version=\u00bb4.7.7&#8243; _module_preset=\u00bbdefault\u00bb width=\u00bb100%\u00bb max_width=\u00bb2560px\u00bb custom_margin=\u00bb-46px|auto||auto||\u00bb custom_padding=\u00bb0px||2px|||\u00bb][et_pb_column type=\u00bb4_4&#8243; _builder_version=\u00bb4.7.7&#8243; _module_preset=\u00bbdefault\u00bb][et_pb_post_title meta=\u00bboff\u00bb featured_image=\u00bboff\u00bb _builder_version=\u00bb4.7.7&#8243; _module_preset=\u00bbdefault\u00bb title_font=\u00bb|||on|||||\u00bb title_text_align=\u00bbcenter\u00bb title_text_color=\u00bb#ffffff\u00bb title_font_size=\u00bb36px\u00bb title_line_height=\u00bb2em\u00bb background_color=\u00bb#0a0a0a\u00bb text_orientation=\u00bbcenter\u00bb hover_enabled=\u00bb0&#8243; sticky_enabled=\u00bb0&#8243;][\/et_pb_post_title][\/et_pb_column][\/et_pb_row][et_pb_row column_structure=\u00bb3_4,1_4&#8243; _builder_version=\u00bb4.7.7&#8243; _module_preset=\u00bbdefault\u00bb][et_pb_column type=\u00bb3_4&#8243; _builder_version=\u00bb4.7.7&#8243; _module_preset=\u00bbdefault\u00bb][et_pb_text _builder_version=\u00bb4.7.7&#8243; _module_preset=\u00bbdefault\u00bb custom_margin=\u00bb32px||-1px|||\u00bb] Misi\u00f3n [\/et_pb_text][et_pb_divider color=\u00bb#e09900&#8243; divider_weight=\u00bb7px\u00bb _builder_version=\u00bb4.7.7&#8243; _module_preset=\u00bbdefault\u00bb custom_margin=\u00bb||7px|||\u00bb][\/et_pb_divider][et_pb_text _builder_version=\u00bb4.7.7&#8243; _module_preset=\u00bbdefault\u00bb] Casas C.G. Construcciones Chile, nace con el fin de entregar [&hellip;]<\/p>\n","protected":false},"author":1,"featured_media":0,"parent":0,"menu_order":0,"comment_status":"closed","ping_status":"closed","template":"","meta":{"_et_pb_use_builder":"on","_et_pb_old_content":"","_et_gb_content_width":"","footnotes":""},"class_list":["post-172","page","type-page","status-publish","hentry"],"_links":{"self":[{"href":"https:\/\/casascg.cl\/index.php\/wp-json\/wp\/v2\/pages\/172","targetHints":{"allow":["GET"]}}],"collection":[{"href":"https:\/\/casascg.cl\/index.php\/wp-json\/wp\/v2\/pages"}],"about":[{"href":"https:\/\/casascg.cl\/index.php\/wp-json\/wp\/v2\/types\/page"}],"author":[{"embeddable":true,"href":"https:\/\/casascg.cl\/index.php\/wp-json\/wp\/v2\/users\/1"}],"replies":[{"embeddable":true,"href":"https:\/\/casascg.cl\/index.php\/wp-json\/wp\/v2\/comments?post=172"}],"version-history":[{"count":16,"href":"https:\/\/casascg.cl\/index.php\/wp-json\/wp\/v2\/pages\/172\/revisions"}],"predecessor-version":[{"id":732,"href":"https:\/\/casascg.cl\/index.php\/wp-json\/wp\/v2\/pages\/172\/revisions\/732"}],"wp:attachment":[{"href":"https:\/\/casascg.cl\/index.php\/wp-json\/wp\/v2\/media?parent=172"}],"curies":[{"name":"wp","href":"https:\/\/api.w.org\/{rel}","templated":true}]}}